 - 7. Let b be p(-4). Suppose -4*w + b*w = 156. Let t = 229 - w. Calculate the remainder when t is divided by 19.
16
What is the remainder when (-7 + 11 + -7)/((-15)/3065) is divided by 14?
11
Let x = 32 + -12. Suppose -5*t = -c - x, 5 = 2*t + c - 3. Calculate the remainder when t is divided by (2/(-4))/(3/(-12)).
0
Let p = 33 + 41. What is the remainder when 1107 is divided by p?
71
Suppose 1420*z - 1418*z = 54. Calculate the remainder when 104 is divided by z.
23
Suppose -4*g + 55 = -5*g. Let m = g + 84. Calculate the remainder when 114 is divided by m.
27
What is the remainder when ((-7)/(-14))/(2/36) is divided by (24/(-24))/(2/(-4))?
1
What is the remainder when 142 is divided by 14/((-42)/(-9)) - -69?
70
Let z(d) = -d**3 - 5*d**2 + 10*d + 9. Let u be z(-6). Calculate the remainder when 22/(-165) - 92/u is divided by 3.
0
Let s = -602 + 628. What is the remainder when 75 is divided by s?
23
Let c(d) = d - 2. Let f be c(6). Let k be 0/f - -3 - 18. What is the remainder when (-1)/3 + (-200)/k is divided by 5?
3
Let o be (-2)/(-3)*(-3)/(-2) + -4. Let f(y) = 2*y**2 + 3*y + 5. Calculate the remainder when 95 is divided by f(o).
11
Let z be -3 + (3 - (21 + -2)). Let n = -12 - z. Let s = -19 - -21. What is the remainder when n is divided by s?
1
Suppose k + 24 = 3*k. Let n(q) = q**2 - 5*q - 1. Suppose r = -0 + 6. What is the remainder when k is divided by n(r)?
2
Suppose -462 = -7*v + 1414. Suppose -4*h - 2*y = -0*h - v, 201 = 3*h - 5*y. Calculate the remainder when h is divided by 14.
11
Let t = -17 + 26. Let i = 30 + t. Suppose l + 4*l + 5*h = 85, 0 = 2*l + h - i. What is the remainder when 64 is divided by l?
20
Let r(y) = y**3 - 15*y**2 - 13*y - 16. Let n = -10 + 20. What is the remainder when r(16) is divided by n?
2
Let f = -236 - -352. What is the remainder when f is divided by 31?
23
Let x = -164 + 290. Let a(b) = -b**3 - 24*b**2 - 28*b - 28. Let p be a(-23). Let o = x - p. Calculate the remainder when o is divided by 14.
11
Let m(j) = -23*j**2 + 385*j - 20. What is the remainder when m(15) is divided by 7?
6
Let f = -692 - -801. Calculate the remainder when f is divided by 14.
11
Suppose 20 = -4*b, 4*b + 13 = 4*y + 5. Let c = y + 41. Calculate the remainder when c is divided by 26.
12
Suppose 7*t - 111 - 204 = 0. Suppose 0 = -b - 24 + t. What is the remainder when 62 is divided by b?
20
Suppose -1 - 3 = -4*c. Let a be c/((-3)/3) - -3. Calculate the remainder when (a - 2 - -2) + 5 is divided by 2.
1
Suppose 2*i - 10 = 0, -3*l - 2*i + 29 = -20. Calculate the remainder when 41 is divided by l.
2
Calculate the remainder when (-6)/((-3365)/420 + 8) is divided by 124.
8
Calculate the remainder when 52 is divided by ((-2)/(28/70))/(2/(-16)).
12
Let f(q) = q**3 - q**2 - 2*q + 3. Let h = -4 + 6. Calculate the remainder when 9 is divided by f(h).
0
Suppose -5 = 3*k - 11. Suppose 2*y = -3*o + 99, -2*y + 165 = 5*o + k*y. Calculate the remainder when o is divided by 18.
15
Suppose -26*p + 72 = -18*p. Calculate the remainder when 250 is divided by p.
7
Suppose -5*z = 2*p - 1, -4*p - z + 8 = 3*z. Suppose -p*g + 4*u - 6 = -6*g, -5*g - u = -27. Let a = -21 + 37. What is the remainder when a is divided by g?
4
Let n(b) = b**2 - 8*b + 25. Let g be n(10). Let z = 61 - g. Suppose -l + 5*p - 9 = -70, 0 = -p - 3. Calculate the remainder when l is divided by z.
14
Let x = 444 - 396. What is the remainder when 372 is divided by x?
36
Let v = 4 - -19. Suppose -2*g - 126 = -2*s, 2*g + v + 39 = s. Suppose -f = f - s. Calculate the remainder when f is divided by 11.
10
What is the remainder when 151 is divided by (224/(-63) + 2)*-9?
11
Suppose -4*h - 176 = -2*z, -z - h - 89 = -2*z. Suppose 0 = 4*j + 2*w - 139 + 11, -4 = -2*w. What is the remainder when z is divided by j?
28
Let v(z) = -z**3 + 16*z**2 + 18*z - 21. Let q be v(17). What is the remainder when ((-65)/10 - q)/((-1)/50) is divided by 42?
41
Let u(a) = a**2 + 4*a - 5. Let v = 2 + 18. Suppose 3*f = f - v. Calculate the remainder when u(f) is divided by 19.
17
Let d(s) be the first derivative of -s**3/3 + 8*s**2 - 14*s + 11. Let w be d(15). Calculate the remainder when 109 is divided by ((-7)/(-5) - w)*70.
25
Suppose -32*l + 191 + 545 = 0. Calculate the remainder when 66 is divided by l.
20
Let m = 9 - 13. What is the remainder when 68/8 + 2/m is divided by 5?
3
Let n(d) = -d**3 - 8*d**2 - d + 13. Let w be n(-10). Suppose -f - f + 147 = -j, -4*j = -3*f + w. Calculate the remainder when f is divided by 25.
23
Suppose -479 = -3*a + 2*w, -2*w + 316 = 2*a - 0*w. What is the remainder when a is divided by 23?
21
Let j = -10 + 17. Suppose 5*g = -3*a + 20, -5*g = 5*a - j - 3. What is the remainder when 14 - (1 + (-2 - -3)) is divided by g?
5
Let x(y) = -8*y - 3. Let b be 14/(-4) + 8/16. Let c = 87 - 47. Calculate the remainder when c is divided by x(b).
19
Suppose 2*i + 0 = 6. Suppose 19 = l + i. Suppose -m + 3*m = l. Calculate the remainder when 15 is divided by m.
7
Let i be 3*((2 - 1) + 4). Let z = 32 - 28. Suppose i = o + z. Calculate the remainder when o is divided by 4.
3
Let z be (-39)/(-15) + 6/(-10). Suppose 0*p - 385 = -5*n + 5*p, 0 = z*n + 2*p - 154. What is the remainder when n is divided by 27?
23
Let y(v) be the third derivative of v**6/120 + v**5/60 - v**4/24 + 2*v**3/3 + v**2. What is the remainder when y(0) is divided by 14/(-4)*1920/(-1680)?
0
Suppose 5*j = 78 + 37. Let x(r) = r**3 + r**2 + 12*r - 40. What is the remainder when x(4) is divided by j?
19
Calculate the remainder when 166 is divided by (-20)/150*3 + (-224)/(-10).
12
Let k(r) be the third derivative of r**5/60 + 7*r**4/12 - 5*r**3 - 57*r**2. What is the remainder when k(-20) is divided by 23?
21
Calculate the remainder when 55*33/(-55)*1*-3 is divided by 17.
14
What is the remainder when 212040/1020 - 1*(-2)/17 is divided by 5?
3
Let d(l) = -l**3 - l**2 - l - 1. Let n(k) = -2*k**3 - 7*k - 4. Let s(g) = -3*d(g) + n(g). What is the remainder when s(3) is divided by 14 - ((-20)/5 + 4)?
13
Let d = -11 - -8. Let p = d + 22. What is the remainder when p is divided by 7?
5
Let v = -3108 + 3127. Calculate the remainder when 677 is divided by v.
12
Suppose -r + 1 = -3. Suppose -r*k + 3 + 77 = 0. What is the remainder when 39 is divided by k?
19
Let l = -226 + 247. Suppose 5*v - 1342 + 67 = 0. Suppose 4*w - 73 - v = 0. What is the remainder when w is divided by l?
19
Let k be (107 - -4) + 16/(-4). Let n = k - 83. What is the remainder when n is divided by ((-2)/(-3))/((-2)/(-39))?
11
Let q be 1/(-2)*0*3/9. Suppose q = 5*a - 306 - 9. What is the remainder when a is divided by 16?
15
Let p = -374 + 399. What is the remainder when 122 is divided by p?
22
Suppose 4*v + 33 = 15*v. What is the remainder when v is divided by 1?
0
What is the remainder when 18 - 10/1 - -225 is divided by 81?
71
Let r = -582 + 675. What is the remainder when r is divided by 44 - -6*(-3)/(-6)?
46
Let w(y) = -y**2 - 18*y - 20. Let l be w(-13). Suppose 0 = -6*v + l - 9. What is the remainder when 20 is divided by v?
2
Let y(t) = -t**3 - 6*t**2 + 16*t + 27. Let i be y(-9). Suppose 2*b = -114 + 32. Let g = i + b. Calculate the remainder when g is divided by 22.
19
Suppose 4*x = 12 + 24. Let c = x - 9. Suppose -n + 5*n - 56 = c. Calculate the remainder when 41 is divided by n.
13
Suppose 4*h = 2*f + 3*h - 8, h = f - 5. Suppose -i - 5 = 0, f*i + 114 = 2*u - i. What is the remainder when u is divided by 26?
21
Suppose 2622 = -88*n + 13534. Calculate the remainder when n is divided by 13.
7
Suppose u - 6 = -2. Suppose -u*s + 161 = -3*o, 3*o + 5*s + 163 = -o. Let j = -18 - o. What is the remainder when j is divided by 16?
13
Suppose -j - 4*j + 75 = 0. Let z(m) = -16*m**2 - 5*m + 16*m - 5 + j*m**2 - 7. Calculate the remainder when 31 is divided by z(7).
15
Suppose -32*w + 220 = -21*w. What is the remainder when 43 is divided by w?
3
Let n = 6 + -30. Let q be n/(-4) - (3 - -1). Suppose 0 = q*i + 3*k - 31, 4*i + 5*k - 27 - 32 = 0. What is the remainder when 30 is divided by i?
8
Suppose 1 - 5 = 4*w. Let v(n) = -6*n - 3. What is the remainder when 11 is divided by v(w)?
2
Let u = -2035 - -2059. What is the remainder when 2063 is divided by u?
23
Let q = 383 - 185. What is the remainder when q is divided by 50?
48
Let p(y) = -y**3 + 9*y**2 + 3*y + 1. Suppose -4*m + 123 = -m. What 